 r. What is the units digit of o?
2
Let t = -134 + 282. What is the units digit of t?
8
Let i(j) = -j**3 + 13*j**2 - 12*j + 8. Let a be i(12). Let p = a - 0. What is the units digit of p?
8
Suppose -z - z = 0. Let g = z + 2. Suppose g = -4*l + 26. What is the units digit of l?
6
Let n(a) = -2*a**2 - a - 2. Let p(q) = -3*q**2 - q - 4. Let z(w) = -5*n(w) + 3*p(w). What is the units digit of z(-3)?
1
Suppose 0*n + 4 = 2*n. Suppose -c - 5*p = -2*c + 22, -p = c + n. Suppose 10*h - 5*h - 29 = -c*u, -37 = -4*h + 3*u. What is the units digit of h?
7
Suppose -116 + 8 = -4*v - 2*w, -4*w + 66 = 2*v. What is the tens digit of v?
2
Suppose -m + 19 = d, 0*m - 5*m = 3*d - 99. What is the units digit of m?
1
Suppose -5*n + 0*n = w + 6, w - 2*n = 15. Suppose w = -3*i - 3. Let v = i + 6. What is the units digit of v?
2
What is the tens digit of ((-26)/3)/(16/(-72))?
3
What is the units digit of -9*(-106)/4 + (-5)/(-10)?
9
Let y = -20 - -33. What is the tens digit of y?
1
Suppose p + 3*p - 312 = 0. What is the tens digit of p?
7
Suppose 5*s - 549 = 171. What is the hundreds digit of s?
1
Let a(r) = -6*r. Suppose 5*q + 2*x + 3 = 0, 3*x = -4*q - 0 - 1. Let l be a(q). Suppose 4*t - 3*z - l = 0, 0 = -t + z + 1. What is the units digit of t?
3
What is the units digit of (-18)/12*-1*1794/9?
9
Let k be -4*(-4)/16*-1. Let n(z) = -8*z**2 + 3*z - 1. Let i(a) = -7*a**2 + 2*a - 1. Let m(w) = -4*i(w) + 3*n(w). What is the units digit of m(k)?
4
Let s be (-20)/6*(-6)/5. What is the units digit of ((-2)/(-3))/(s/78)?
3
Let m(t) = -t - 2. Let s be m(-4). Suppose -4*y - 2*i = -6*y + 70, y + s*i - 50 = 0. Suppose -w = -4*f + 32, 3*w = -f + 6*f - y. What is the units digit of f?
8
Suppose 2*j = -3*m - 2*j + 7, -5*m - 2*j = -7. Let v be (-2*m + 0)*-4. Suppose -k + v = 3*k. What is the units digit of k?
2
Let z = -5 - -7. What is the tens digit of 2 + (14*2)/z?
1
Let l = -7 + 4. Let c(x) = 2*x**2 + 5*x - 1. Let v(a) = 3*a**2 + 9*a - 1. Let z(n) = l*v(n) + 5*c(n). What is the units digit of z(3)?
1
Let v(j) = 14*j**2 - j + 5. Let f be v(4). Let q be 4/(-14) + f/(-21). Let r = q + 18. What is the units digit of r?
7
What is the units digit of 1/((-1)/(2/(-2)))?
1
Suppose 485 - 81 = 4*x. Let z = -60 + x. What is the tens digit of z?
4
Suppose -4*y = -3*y - 10. Let j = y - 5. Suppose 4*l - 44 = k, 4*l + 7 - 51 = j*k. What is the units digit of l?
1
Let v = 8 - 4. Suppose -2*l = -0*l - 2, -v*u + 7 = 3*l. What is the units digit of u?
1
Suppose 4*z - 2*s - 426 = 0, 4*z - 431 = -0*s - 3*s. Suppose z = 3*a - 4*d, 4*d = -2*a + 4*a - 78. What is the tens digit of a?
2
Let j be ((-4)/6)/((-14)/(-231)). Let t(l) = -l. Let z(i) = -i + 15. Let d(s) = -2*t(s) + z(s). What is the units digit of d(j)?
4
What is the units digit of -2 - (-9)/(9/202)?
0
Suppose -4*y + 59 = -33. What is the tens digit of y?
2
Let m be (-232)/(-6) - 3/(-9). Suppose 5*g + m = v - 0*v, 3*v - 65 = 2*g. Let t = v - 7. What is the tens digit of t?
1
Let c(h) = -h**2 + 3*h + 5. What is the units digit of c(4)?
1
Let m(j) = 2*j + 12. Let n be m(-11). Let d = n + 17. What is the units digit of d?
7
Let f = -34 + 4. What is the units digit of 24/5*f/(-9)?
6
Suppose -66 = -2*z - 2*u - 3*u, u = 5*z - 111. What is the tens digit of z?
2
Suppose 0 = k + 8 - 4. What is the units digit of ((-14)/k)/((-10)/(-60))?
1
Suppose -p = -5*z - 35, 4*z - 21 - 9 = -5*p. Suppose 5*h + 235 = p*h. What is the tens digit of h?
4
Suppose 4*d - 4 = 3*d. Let o(g) = -g**2 + 7*g + 3. What is the units digit of o(d)?
5
Let k be 2/(-7) + 8/28. Suppose -5 = 5*v, x + x - v - 33 = k. What is the tens digit of x?
1
Suppose 6*n - 9*n + 141 = 0. What is the tens digit of n?
4
Let g(n) = -n + 2. Let l be g(-2). Suppose 4*o + 5*a - 97 = l*a, 3*a + 21 = o. What is the units digit of o?
4
Let r(i) = 4*i - 5. Let c be ((-3)/(-9))/((-3)/9). Let n(o) = o. Let b(w) = c*r(w) + 3*n(w). What is the units digit of b(0)?
5
Let p(j) = -2*j**2 + 3*j**2 + 1 + 2*j - 3. Let c be p(3). Suppose 6*r - r - 4*d = 9, -r - 2*d + c = 0. What is the units digit of r?
5
Let h(f) = 5*f**2 - 4*f + 7. What is the units digit of h(3)?
0
Let k(s) = -4*s**3 + 1. What is the units digit of k(-1)?
5
Suppose -6 + 26 = -2*u. What is the units digit of (u/15)/((-4)/90)?
5
What is the units digit of (-1 + 3 - -16) + 1?
9
Let h(l) = -l**3 + 6*l**2 - 3*l + 5. Let u = 3 - -2. What is the tens digit of h(u)?
1
Suppose 3*m + 2*m = 0. Suppose -2*j + 7*p - 4*p + 34 = m, -8 = 4*p. What is the tens digit of j?
1
Let a(n) = n**2 + n + 15. Let f(o) = -o**3 + 5*o**2 + 7*o - 6. Let v be f(6). Let s be a(v). Suppose s = -0*j + 5*j. What is the units digit of j?
3
Let y be (-2)/(-3) + 8/6. Suppose -6*j + 20 = -y*j. Suppose 32 = j*w - 13. What is the units digit of w?
9
Let f(u) = u**3 + u**2 - 3*u + 4. Let x be f(-3). Let i(q) = q**3 + 4*q**2 + 9*q - 13. Let c be i(-5). What is the units digit of (-2)/(-5) + c/x?
7
Let j(d) = -2*d + 3 + 2 + 0. What is the tens digit of j(-4)?
1
Suppose 851 = 3*u + 4*p, -2*u + 7*p = 2*p - 598. What is the hundreds digit of u?
2
What is the tens digit of (-58)/(-8)*(-32)/(-8)?
2
Suppose 68*n - 63*n - 625 = 0. What is the tens digit of n?
2
Let c(n) = -n**3 - 2*n**2 - 2. Let i be c(2). Let l = i - -23. What is the units digit of l?
5
Suppose -3*z = -4*n - 37, -2 = 5*z - 3*z. What is the units digit of (-65)/n - 2/4?
6
Suppose 0 = 2*z + 2*o + 6, o = -4*z - 0*o - 3. Suppose -4*b + 7 + 1 = z. Suppose b*d - 8 = -2*d. What is the units digit of d?
2
Suppose -2*t - 4*w + 160 = 0, -4*w - 320 = -4*t - 0*w. What is the units digit of t?
0
Let w(y) = y**3 + 5*y**2 - 7*y - 9. Let a be w(-6). Let k be -2 + (-2 - a) + 3. Suppose -5*v = -5*c - 2 - 3, 0 = 3*v - k*c - 7. What is the units digit of v?
5
Suppose -3*m + 9 = -0*m. Suppose 0 = m*w - 5*w + 6. What is the units digit of 8 + ((-3)/w - -2)?
9
Let q = 2 - -7. What is the units digit of q?
9
Let z(f) = -2*f - 1. Let k be z(-3). Suppose 40 = 2*p + 2*u + u, 5*u = -k*p + 90. What is the tens digit of p?
1
Suppose 3*j - 7*j = 0. Let h(z) = -z + 6. What is the units digit of h(j)?
6
Let s be (-2)/8 - 45/12. Let o be -1 - s/((-8)/(-6)). What is the units digit of 13/(-1*o/(-2))?
3
Let v be 34/6 - (-2)/(-3). Let z(s) = -s**3 + 7*s**2 - 7*s + 6. What is the tens digit of z(v)?
2
Let q = -137 + 332. Suppose -q = -5*d - 35. What is the units digit of d?
2
Let u(y) = -y**2 + 8*y - 4. What is the units digit of u(6)?
8
Let k(p) = p**2 - 10*p - 27. What is the hundreds digit of k(-9)?
1
Let a(r) = -r**3 + 4*r**2 + 7. Let n be a(5). Let o = -12 - n. What is the units digit of o?
6
Suppose -5*l - 3*b = -19, -3*b + 2*b - 27 = -5*l. Suppose 0*g + l = g. Suppose -2*x = 3*x - g. What is the units digit of x?
1
Let a(w) = -4*w**3 - 2*w**2 - 2*w - 1. Let d(v) = v**2 - 4*v + 2. Let j be d(3). Let b be a(j). Suppose -25 = -b*g - 2*g. What is the units digit of g?
5
Let t(a) = a**2 - 7*a - 8. What is the units digit of t(10)?
2
Let s = -16 + 40. Let a be s/(-10) - 4/(-10). What is the units digit of 6*(a - -1)/(-1)?
6
Suppose 0 = -0*f - 2*f + 2*r - 4, -5*f + 6 = -r. What is the tens digit of (-1 + f)/(3/33)?
1
Let n = -5 + 8. Let g(y) = -y**2 + 9*y - 6. Let r be g(8). Suppose f - 3*q = 22, -n*f - 4 = r*q + 3*q. What is the units digit of f?
7
What is the tens digit of 55/2*(0 - -2)?
5
Let r = 3 + 2. Suppose -f = -3*q + f + 60, r*q - 5*f - 95 = 0. What is the units digit of q?
2
Suppose -17 + 89 = k. What is the units digit of k?
2
Suppose 2*b = p + 6, -2*b - 2*p = -3*b. Let d = 29 + b. What is the units digit of d?
3
Let y be 0 + 0/(3*-1). Suppose y = k + k. Let q(h) = -h**2 + 3. What is the units digit of q(k)?
3
Let c(j) = j + 7. What is the units digit of c(-4)?
3
Let l(c) = -1 - 2 - 4 + 2*c - 5*c. What is the units digit of l(-6)?
1
Suppose -2*n - w = -10, n = 3*w + 1 - 3. Suppose 2*o = -3*o + n*s + 16, o - 4 = s. Suppose o = -2*q - 3 + 7. What is the units digit of q?
2
Let b be 1*(0 - 2) + 12. Let h = b + -7. What is the units digit of 4 + 0*1/h?
4
Suppose -4*m - 82 = -5*v + 700, 773 = 5*v - m. What is the hundreds digit of v?
1
Let t be (-1*1)/(1/(-4)). Suppose -9*k = -t*k - 30. What is the units digit of k?
6
Let k be 9/6 - 37/2. Let m = k - -9. What is the units digit of 0 + (-2 - -2 - m)?
8
Let q(f) be the third derivative of 0 + 1/6*f**4 + 3*f**2 + 1/6*f